+ t = 2*z. What is the remainder when s(-16) is divided by f?
4
Suppose 169*a = 164*a + 140. Calculate the remainder when 110 is divided by a.
26
Let k = 2 - -2. Suppose -a + 6 = -2*l - 4, 8 = -k*l. Suppose -a*n = -4*n - 50. What is the remainder when n is divided by 9?
7
Let j(m) = -12 - 3*m + 7 - 10. Let i be 1 + (-85 - -1)/6. What is the remainder when j(i) is divided by 9?
6
Let h = 24 - 17. Suppose 0 = -h*l + 9*l - 10. What is the remainder when 13 is divided by l?
3
Let i be (75/(-20))/((-3)/16). Suppose -4*u = -2*u - i. Calculate the remainder when 36 is divided by u.
6
Let l = -36 - -36. Suppose 2*d + 4 = 3*w, -4*w - 4 = -5*d - l. What is the remainder when 5 is divided by w?
1
Let p = -1 - -11. Let h = p + -6. What is the remainder when 8 is divided by (7 - h) + -1 + 3?
3
Let y(a) = -8*a - 22. Let t be y(6). Let s = -59 - t. Suppose -2*d = -13 - 51. What is the remainder when d is divided by s?
10
Let c = 42 + -21. Let n(x) = 50*x + 156. Calculate the remainder when c is divided by n(-3).
3
Let c(z) = 4*z**2 + 2*z - 1. Let q be c(1). Suppose 4*u - 41 = 5*p, u + q*p + 13 = 42. Let k = 372 + -318. Calculate the remainder when k is divided by u.
12
Let k(m) = -m - 4. Suppose -7*v + 2*v = 30. Let n be k(v). Suppose -t - 7 = q - 2*q, n*q - 9 = 3*t. What is the remainder when 22 is divided by q?
10
Suppose 5*k = 4*a + 92, 5*k + 2*a - 74 = -0*k. Calculate the remainder when k is divided by ((-10)/2)/(2/(-4)).
6
Let j = 255 + -231. Calculate the remainder when 93 is divided by j.
21
Let k(a) = 4*a**2 - 24*a - 11. Let n be k(11). Let b = -76 + n. What is the remainder when b is divided by 34?
31
Let r = -22 + 33. Suppose 0 = 4*k - 2*k - 2*q - 10, 4*q = -k - 5. What is the remainder when k*(-12)/(-8)*4 is divided by r?
7
Let y(r) = 10*r + 12. Let v be y(-5). Let o = 46 + v. Calculate the remainder when 25 is divided by o.
1
Let o be (52/12 + 5)*-3. Calculate the remainder when (-4 - o) + (3 - 0/(-1)) is divided by 10.
7
Let z(m) be the first derivative of 5*m**3/3 + 5*m**2/2 + 7*m - 7. Let i(f) = -f**3 + 3*f**2 + 2*f + 1. Calculate the remainder when z(-2) is divided by i(2).
8
Let u(m) = -2*m. Let z(j) be the second derivative of -5*j**3/6 - 4*j. Let r(p) = -7*u(p) + 2*z(p). What is the remainder when r(2) is divided by 4?
0
Let b = -17 + 58. Suppose -63 = -16*k + 13*k. What is the remainder when b is divided by k?
20
Let k(c) = -5*c + 32. Let n be k(5). Suppose -n*o = 9*o - 1280. What is the remainder when o is divided by 21?
17
Let f = -11 + 129. Calculate the remainder when f is divided by 61.
57
Let g = -15 + 15. Let p be -10 + g + 2 + -2. Let k = 27 + p. What is the remainder when k is divided by 9?
8
Suppose -4*d = -3*t - 75, 5*t = -d + 21 - 8. What is the remainder when 51 is divided by d?
15
Suppose -22*w + 793 = -329. Calculate the remainder when w is divided by 8.
3
Suppose 265 - 13 = 6*x. Let a(i) = i**3 - 8*i**2 + 6*i - 9. Let l be a(7). Let u = l + x. What is the remainder when 50 is divided by u?
24
Let z be (10/(-4) + (-21)/14)*-1. Suppose 4*b = -5*a + 324 - 111, z*b - 78 = -2*a. Calculate the remainder when a is divided by 12.
9
Suppose -2*a - 3*s + 1 = 0, a - 8 = -2*a + 2*s. Suppose -5*b + 2*w + 68 = 0, -5*b + 44 = -22*w + 26*w. Calculate the remainder when b is divided by a.
0
Suppose -5*j - 3 = 2, 0 = 4*d + 2*j - 110. Let l = -25 - -29. Suppose 3*u + a = 7*u - 331, 411 = 5*u - l*a. What is the remainder when u is divided by d?
27
Suppose -5*c + 296 + 204 = 0. Let g = 354 + -1434. What is the remainder when c is divided by (-2)/(-8) - g/32?
32
Let j = -2 - -7. Suppose -12 = -j*g + 53. Calculate the remainder when 21 is divided by g.
8
Calculate the remainder when (6 + 369/(-18))*-8 is divided by 12.
8
Let j(d) = -d + 7. Suppose 748 = 45*v + 208. Calculate the remainder when v is divided by j(0).
5
Suppose -3*r - s + 47 = -29, 30 = r + 5*s. Let q = r + -18. Suppose y - 4 = q. Calculate the remainder when 53 is divided by y.
9
Let g(j) = -j - 1. Let h be g(-2). Suppose 74 + h = 4*t - a, -t + 5*a - 5 = 0. Calculate the remainder when (152/(-12))/((-4)/12) is divided by t.
18
Let n = -1500 - -1507. What is the remainder when 649 is divided by n?
5
Suppose 0 = 4*v - 4*k - 656, 0 = 5*v - 2*k - k - 826. Suppose -176 = -0*z - 2*z. Let f = v - z. Calculate the remainder when f is divided by 27.
25
Let l = -16 - -25. What is the remainder when 5 - (-1 + -20 + 1 + -1) is divided by l?
8
Let u = -493 + 520. What is the remainder when 38 is divided by u?
11
Let h(y) = 5*y**2 - 1. Let o be -1*(1 + 3 + -6). Let m = o + 9. What is the remainder when h(2) is divided by m?
8
Let q = 2500 - 1702. What is the remainder when q is divided by 80?
78
Let u = -111 + 183. What is the remainder when u is divided by 22?
6
Suppose -17*w + 572 = -244. What is the remainder when w is divided by 17?
14
Let c(a) = a**2. Let d(p) = -5*p**2 + p + 1. Let n(y) = -3*c(y) - d(y). Let f be n(-1). Suppose f*s = 23 + 15. What is the remainder when 74 is divided by s?
17
Let d(c) = c**2 + 2*c + 3. Let t be d(0). Suppose -t*b + 1 = -53. Calculate the remainder when b is divided by 3.
0
Let q(z) = -6*z**3 + 2*z + 6. Suppose 4 = 19*r - 21*r. Suppose 183 = 5*i + 53. What is the remainder when q(r) is divided by i?
24
Suppose 5*c - 21 = r, 8 = 3*c + 3*r - 1. Suppose c*m + 2*o = 5*o + 59, -4*o + 10 = m. What is the remainder when 82 is divided by m?
12
Let d(t) = 2*t**2 + 23*t - 728. What is the remainder when d(-26) is divided by 3/(-2)*(-1 - 7)?
2
Let z = 1 + 15. Calculate the remainder when (z/3)/((-3)/(-36)) is divided by 22.
20
Let l(s) = 5*s**2 + 12. Calculate the remainder when 79 is divided by l(3).
22
Let q = 48 - 38. Calculate the remainder when 11 is divided by q.
1
Let k = 89 - 75. Calculate the remainder when 91 is divided by k.
7
Suppose -6*r + 94 = -5*r. Let m = -218 - -234. Calculate the remainder when r is divided by m.
14
Suppose -g - 4*d + 104 = 0, 4*g + 8*d - 372 = 3*d. Let q = 127 - g. Let k(o) = -6*o - 4. What is the remainder when q is divided by k(-3)?
11
Let c = -157 + 173. What is the remainder when 429 is divided by c?
13
Suppose 3*v = -3*c + 111, 6*v = 7*v + 4*c - 52. Calculate the remainder when v is divided by 7.
4
Let z be 201*((-16)/6)/(-8). Let v = z - 44. What is the remainder when 67 is divided by v?
21
Let h(k) = k**3 - 10*k**2 + 13*k - 7. Let n be h(9). Suppose 21*f = n*f - 1016. Calculate the remainder when f is divided by 43.
41
Let o be (-9)/(-2)*44/6. Suppose -s + 87 = o. Suppose -16*n = -80*n + 896. Calculate the remainder when s is divided by n.
12
Suppose 10*k - 35 = 9*k + q, q = -2*k + 73. What is the remainder when k is divided by 112/6 + 1/3?
17
Let j(q) be the second derivative of q**4/12 - q**3/3 + 4*q**2 + 8*q. Let v(z) = 3*z**2 - z + 1. What is the remainder when j(-4) is divided by v(2)?
10
Let p(q) be the third derivative of -5*q**4/12 + q**3/3 + 23*q**2. Suppose 0 = 2*y - 5*y + 36. What is the remainder when p(-2) is divided by y?
10
Let m(g) = 29*g - 3. Let h be m(1). Let c = h + -4. What is the remainder when 43 is divided by c?
21
Let o = -17 + 22. Suppose -5*f + 320 = o*p, -5*p = 2*f - 225 + 82. Calculate the remainder when f is divided by 12.
11
Suppose -36*u = -293 - 427. What is the remainder when 237 is divided by u?
17
Suppose c + 4*o = 62, -c + o + 32 = -25. Suppose 0 = 3*i - c - 284. Calculate the remainder when i is divided by (1 + 59/(-1))/(-2).
27
Let n = 21 - 16. Let j = n + 39. Suppose 3*a = -f + 9, 4*f - a - 3*a = 36. What is the remainder when j is divided by f?
8
Suppose 4 + 41 = 5*d. Suppose w - d = 10. What is the remainder when w is divided by 13 + 0/3 + -2?
8
Suppose 5*n = -3*x + 19 + 6, 0 = 4*n - 2*x - 42. Suppose 3*d = 4*d - n. Calculate the remainder when 30 is divided by d.
6
What is the remainder when ((-8)/12 + (-22)/(-6))*161 is divided by 44?
43
Suppose 723 = 29*x - 1539. Calculate the remainder when x is divided by 40.
38
Let k be 99/(-22) - 6/(-4). Let j(s) = 8*s**2 - 4*s - 2. What is the remainder when j(k) is divided by 21?
19
Let i = -675 + 701. Calculate the remainder when 91 is divided by i.
13
Suppose 5*i - 81 = -5*s + 6*s, -2*s = 2. What is the remainder when 77 is divided by i?
13
Let v be 3/(-1)*32/6. Let a = -12 - v. Suppose -7*t + 156 = -a*t. What is the remainder when t i